s 75 a factor of 84525?
True
Does 79 divide 434500?
True
Is 179 a factor of 824116?
True
Is 116435 even?
False
Is 26078357 a multiple of 469?
False
Is 53 a factor of 436338?
False
Does 187 divide 1182245?
False
Is 948024 a multiple of 14?
True
Is 28835787 a multiple of 83?
False
Does 97 divide 171205?
True
Is 3903300 a multiple of 225?
True
Does 6 divide 72956?
False
Is 4243620 a multiple of 661?
True
Is 3690049 a multiple of 10?
False
Is 10 a factor of 325946?
False
Does 66 divide 470316?
True
Is 47 a factor of 995413?
True
Does 207 divide 254710?
False
Does 79 divide 121976?
True
Is 84 a factor of 1957872?
True
Is 311997 a multiple of 537?
True
Does 407 divide 82621?
True
Is 228 a factor of 1049829?
False
Does 208 divide 1604720?
True
Does 187 divide 47498?
True
Is 357339 a multiple of 5?
False
Is 5 a factor of 1702461?
False
Does 34 divide 2682960?
False
Does 132 divide 1275648?
True
Does 22 divide 9717180?
True
Is 1453476 a multiple of 39?
False
Is 214045 a multiple of 18?
False
Does 34 divide 1285846?
True
Is 172929 a multiple of 28?
False
Is 22 a factor of 17466746?
True
Is 40 a factor of 212448?
False
Does 6 divide 132240?
True
Is 66 a factor of 65389?
False
Does 144 divide 451878?
False
Does 40 divide 2974680?
True
Is 22 a factor of 56266?
False
Is 18707820 a multiple of 102?
True
Is 5150320 a multiple of 280?
True
Does 2081 divide 34979192?
False
Is 12228483 a multiple of 12?
False
Does 505 divide 4931830?
True
Is 55 a factor of 88660?
True
Does 1339 divide 30924205?
True
Is 731450 a multiple of 257?
False
Is 5 a factor of 560455?
True
Is 210536 a multiple of 7?
False
Is 7 a factor of 412223?
True
Does 502 divide 2511004?
True
Does 165 divide 332475?
True
Is 14520528 a multiple of 48?
True
Does 1529 divide 6541062?
True
Does 125 divide 129174?
False
Is 33 a factor of 3079164?
True
Is 9355125 a multiple of 101?
True
Does 21 divide 86184?
True
Is 587 a factor of 17444818?
False
Is 70 a factor of 15046360?
True
Does 9 divide 266071?
False
Is 2124936 a multiple of 64?
False
Is 332 a factor of 1937147?
False
Does 15 divide 292047?
False
Is 21 a factor of 32891?
False
Is 20311 a multiple of 87?
False
Is 111 a factor of 408322?
False
Does 13 divide 90981?
False
Is 843764 a multiple of 284?
True
Does 32 divide 1590528?
True
Does 10 divide 1342480?
True
Is 253753 a multiple of 47?
True
Is 1796170 a multiple of 98?
False
Does 34 divide 2164916?
True
Does 11 divide 59378?
True
Does 16 divide 1891184?
True
Is 22 a factor of 1455318?
False
Is 3881853 a multiple of 321?
True
Is 244384 a multiple of 224?
True
Does 8 divide 90945?
False
Is 76 a factor of 951070?
False
Is 276401 a multiple of 39?
False
Is 11 a factor of 5541117?
False
Is 13 a factor of 5750537?
True
Does 201 divide 165769?
False
Is 2427 a multiple of 25?
False
Is 137 a factor of 7811626?
False
Does 23 divide 896770?
True
Is 27 a factor of 75768?
False
Does 11 divide 1577114?
True
Does 14 divide 10585593?
False
Is 10215473 a multiple of 24?
False
Is 1759541 a multiple of 7?
True
Is 1011 a factor of 6843510?
False
Is 490 a factor of 2221660?
True
Is 3660896 a multiple of 102?
False
Does 16 divide 1925392?
True
Does 3 divide 188072?
False
Is 11 a factor of 121088?
True
Is 2 a factor of 11168?
True
Does 555 divide 192030?
True
Is 9630 a multiple of 64?
False
Does 137 divide 2580943?
True
Is 1192541 a multiple of 346?
False
Is 226797 a multiple of 17?
True
Is 5820 a multiple of 3?
True
Does 226 divide 1513070?
True
Does 508 divide 22853904?
True
Does 58 divide 159442?
True
Is 158 a factor of 401308?
False
Does 917 divide 2607813?
False
Does 75 divide 20398748?
False
Is 39 a factor of 752067?
False
Does 39 divide 11491?
False
Is 2814616 a multiple of 372?
False
Is 231671 a multiple of 42?
False
Does 3 divide 6693?
True
Is 22 a factor of 56628?
True
Is 195 a factor of 309312?
False
Does 100 divide 55968?
False
Does 4 divide 2628912?
True
Is 56 a factor of 87864?
True
Does 49 divide 499114?
True
Is 351 a factor of 2785603?
False
Is 43103 a multiple of 14?
False
Is 5 a factor of 300404?
False
Does 87 divide 378624?
True
Does 1347 divide 3956139?
True
Does 623 divide 258545?
True
Is 284340 a multiple of 84?
True
Is 12648850 a multiple of 17?
True
Is 105602 a multiple of 290?
False
Is 1004220 a multiple of 45?
True
Is 52 a factor of 350272?
True
Does 10 divide 5650?
True
Does 31 divide 389682?
False
Is 497 a factor of 3040646?
True
Does 321 divide 1683965?
False
Is 995845 a multiple of 848?
False
Is 83 a factor of 18011?
True
Does 197 divide 334309?
True
Does 96 divide 225094?
False
Is 7 a factor of 15911?
True
Is 6 a factor of 316914?
True
Does 55 divide 3572148?
False
Is 12 a factor of 33623?
False
Is 13 a factor of 83012?
False
Is 1504683 a multiple of 27?
True
Is 762180 a multiple of 28?
False
Is 133232 a multiple of 45?
False
Does 483 divide 1655724?
True
Is 154606 a multiple of 408?
False
Is 79 a factor of 332748?
True
Is 156 a factor of 20762508?
True
Does 8 divide 888881?
False
Does 13 divide 9035?
True
Does 8 divide 297851?
False
Does 77 divide 21251?
False
Is 488712 a multiple of 14?
True
Is 2 a factor of 16938?
True
Does 84 divide 9328615?
False
Is 4 a factor of 40344?
True
Does 321 divide 1458624?
True
Is 66 a factor of 310119?
False
Is 1189012 a multiple of 30?
False
Is 36528 a multiple of 6?
True
Does 53 divide 608493?
True
Is 2455938 a multiple of 7?
False
Is 8 a factor of 406209?
False
Is 18720 a multiple of 156?
True
Does 822 divide 686370?
True
Does 10 divide 2005893?
False
Does 9 divide 68031?
True
Is 4 a factor of 84412?
True
Is 1021495 a multiple of 2?
False
Is 462061 a multiple of 83?
True
Does 11 divide 244838?
True
Is 9 a factor of 4802532?
False
Is 2516934 a multiple of 14?
True
Is 312282 a multiple of 3?
True
Is 38 a factor of 213674?
True
Does 106 divide 245284?
True
Is 17 a factor of 23359?
False
Does 10 divide 11973?
False
Is 104457 a multiple of 4?
False
Does 3 divide 8138?
False
Is 17 a factor of 36261988?
False
Is 709 a factor of 177959?
True
Is 3784 a multiple of 4?
True
Does 13 divide 896935?
True
Is 70131 even?
False
Is 6526080 a multiple of 16?
True
Does 5 divide 157685?
True
Does 648 divide 5401728?
True
Is 371408 a multiple of 17?
False
Does 63 divide 908460?
True
Does 136 divide 1194896?
True
Is 188276 a multiple of 4?
True
Does 9 divide 140193?
True
Does 8 divide 2958310?
False
Does 143 divide 12557277?
False
Does 19 divide 632487?
False
Is 5693190 a multiple of 5?
True
Is 213558 a multiple of 5?
False
Is 146 a factor of 4831?
False
Is 91 a factor of 1920555?
True
Does 140 divide 184940?
True
Does 6 divide 12219945?
False
Does 71 divide 4596114?
True
Is 196544 a multiple of 64?
True
Is 12300375 a multiple of 204?
False
Does 163 divide 2555025?
True
Does 17 divide 12780345?
True
Is 61668 a multiple of 122?
False
Is 1195661 a multiple of 1037?
True
Is 3273203 a multiple of 811?
False
Is 3559754 a multiple of 389?
False
Is 1448908 a multiple of 23?
True
Is 1570284 a multiple of 212?
True
Does 4 divide 36021?
False
Is 3737110 a multiple of 247?
True
Does 37 divide 6124636?
False
Is 10993 a multiple of 116?
False
Is 61 a factor of 6301239?
True
Does 672 divide 5213578?
False
Does 29 divide 93445?
False
Is 1197 a factor of 2583126?
True
Is 162958 a multiple of 25?
False
Is 7 a factor of 56139?
False
Does 939 divide 7713885?
True
Does 13 divide 341068?
True
Is 3 a factor of 477408?
True
Does 306 divide 65790?
True
Is 54 a factor of 10444950?
True
Does 47 divide 75451?
False
Is 114577 a multiple of 129?
False
Does 11 divide 1841632?
False
Does 126 divide 160650?
True
Is 8649303 a multiple of 28?
False
Is 258 a factor of 21268421?
False
Is 108078 a multiple of 2?
True
Is 247 a factor of 1472925?
False
Is 3844374 a multiple of 17?
False
Is 1832154 a multiple of 6?
True
Is 242101 a multiple of 128?
False
Is 35305 a multiple of 15?
False
Is 978 a factor of 798810?
False
Is 23120 a multiple of 282?
False
Is 9082556 a multiple of 275?
False
Does 123 divide 11558679?
True
Is 14 a factor of 971474?
True
Does 16 divide 1316992?
True
Does 21 divide 631552?
False
Is 11 a factor of 5355484?
False
Is 13 a factor of 202864?
False
Is 45 a factor of 269938?
False
Does 20 divide 84320?
True
Does 58 divide 26356?
False
Does 210 divide 2694090?
True
Is 489 a factor of 16328688?